emainder when 158 is divided by 105?
53
Calculate the remainder when 137 is divided by 6.
5
Calculate the remainder when 60 is divided by 13.
8
What is the remainder when 832 is divided by 122?
100
Calculate the remainder when 1223 is divided by 68.
67
What is the remainder when 89 is divided by 8?
1
What is the remainder when 712 is divided by 42?
40
Calculate the remainder when 195 is divided by 178.
17
What is the remainder when 41 is divided by 22?
19
What is the remainder when 2125 is divided by 76?
73
What is the remainder when 88 is divided by 46?
42
What is the remainder when 437 is divided by 111?
104
What is the remainder when 91 is divided by 64?
27
Calculate the remainder when 89 is divided by 49.
40
What is the remainder when 142 is divided by 63?
16
What is the remainder when 13646 is divided by 50?
46
What is the remainder when 2771 is divided by 84?
83
What is the remainder when 11 is divided by 11?
0
Calculate the remainder when 2797 is divided by 10.
7
What is the remainder when 618 is divided by 130?
98
Calculate the remainder when 80 is divided by 39.
2
Calculate the remainder when 174 is divided by 16.
14
Calculate the remainder when 149 is divided by 78.
71
Calculate the remainder when 642 is divided by 36.
30
What is the remainder when 118 is divided by 25?
18
Calculate the remainder when 1087 is divided by 52.
47
What is the remainder when 2850 is divided by 23?
21
What is the remainder when 294 is divided by 78?
60
What is the remainder when 7918 is divided by 5?
3
Calculate the remainder when 2133 is divided by 8.
5
Calculate the remainder when 136 is divided by 70.
66
Calculate the remainder when 685 is divided by 14.
13
Calculate the remainder when 2875 is divided by 21.
19
What is the remainder when 2606 is divided by 33?
32
Calculate the remainder when 737 is divided by 336.
65
What is the remainder when 3871 is divided by 73?
2
What is the remainder when 2046 is divided by 23?
22
What is the remainder when 643 is divided by 27?
22
What is the remainder when 399 is divided by 25?
24
What is the remainder when 129 is divided by 43?
0
Calculate the remainder when 1429 is divided by 285.
4
What is the remainder when 220 is divided by 59?
43
What is the remainder when 871 is divided by 38?
35
Calculate the remainder when 58 is divided by 37.
21
What is the remainder when 654 is divided by 161?
10
Calculate the remainder when 1643 is divided by 165.
158
What is the remainder when 3000 is divided by 33?
30
What is the remainder when 99 is divided by 8?
3
Calculate the remainder when 1218 is divided by 37.
34
What is the remainder when 191 is divided by 16?
15
Calculate the remainder when 30 is divided by 4.
2
What is the remainder when 170 is divided by 60?
50
Calculate the remainder when 262 is divided by 69.
55
Calculate the remainder when 2121 is divided by 522.
33
Calculate the remainder when 304 is divided by 240.
64
What is the remainder when 308 is divided by 39?
35
Calculate the remainder when 539 is divided by 5.
4
What is the remainder when 508 is divided by 52?
40
What is the remainder when 6780 is divided by 17?
14
Calculate the remainder when 199 is divided by 12.
7
Calculate the remainder when 175 is divided by 4.
3
What is the remainder when 977 is divided by 6?
5
What is the remainder when 641 is divided by 162?
155
What is the remainder when 943 is divided by 49?
12
What is the remainder when 6919 is divided by 864?
7
Calculate the remainder when 360 is divided by 11.
8
Calculate the remainder when 1578 is divided by 22.
16
Calculate the remainder when 323 is divided by 57.
38
Calculate the remainder when 140 is divided by 11.
8
What is the remainder when 83 is divided by 36?
11
What is the remainder when 1 is divided by 1?
0
What is the remainder when 238 is divided by 30?
28
Calculate the remainder when 597 is divided by 17.
2
What is the remainder when 330 is divided by 106?
12
What is the remainder when 164 is divided by 18?
2
Calculate the remainder when 528 is divided by 5.
3
Calculate the remainder when 246 is divided by 21.
15
What is the remainder when 116 is divided by 61?
55
What is the remainder when 1621 is divided by 102?
91
What is the remainder when 496 is divided by 11?
1
Calculate the remainder when 99 is divided by 43.
13
What is the remainder when 6926 is divided by 198?
194
Calculate the remainder when 426 is divided by 217.
209
Calculate the remainder when 2658 is divided by 22.
18
Calculate the remainder when 3936 is divided by 656.
0
What is the remainder when 668 is divided by 653?
15
What is the remainder when 693 is divided by 74?
27
What is the remainder when 207 is divided by 59?
30
Calculate the remainder when 1439 is divided by 206.
203
What is the remainder when 2286 is divided by 2?
0
Calculate the remainder when 57 is divided by 10.
7
What is the remainder when 694 is divided by 113?
16
Calculate the remainder when 42 is divided by 11.
9
What is the remainder when 12825 is divided by 11?
10
Calculate the remainder when 876 is divided by 289.
9
Calculate the remainder when 60 is divided by 5.
0
Calculate the remainder when 283 is divided by 41.
37
Calculate the remainder when 115 is divided by 12.
7
What is the remainder when 2072 is divided by 61?
59
Calculate the remainder when 452 is divided by 208.
36
Calculate the remainder when 227 is divided by 8.
3
Calculate the remainder when 3471 is divided by 62.
61
What is the remainder when 185 is divided by 21?
17
Calculate the remainder when 530 is divided by 38.
36
What is the remainder when 31847 is divided by 130?
127
What is the remainder when 188 is divided by 38?
36
What is the remainder when 239 is divided by 27?
23
What is the remainder when 141 is divided by 19?
8
Calculate the remainder when 140 is divided by 52.
36
What is the remainder when 608 is divided by 29?
28
What is the remainder when 371 is divided by 60?
11
What is the remainder when 275 is divided by 134?
7
Calculate the remainder when 12005 is divided by 79.
76
Calculate the remainder when 635 is divided by 29.
26
What is the remainder when 214 is divided by 8?
6
Calculate the remainder when 5843 is divided by 730.
3
Calculate the remainder when 5596 is divided by 50.
46
Calculate the remainder when 994 is divided by 12.
10
What is the remainder when 502 is divided by 74?
58
What is the remainder when 5109 is divided by 36?
33
What is the remainder when 156 is divided by 30?
6
What is the remainder when 182 is divided by 38?
30
What is the remainder when 10 is divided by 2?
0
What is the remainder when 1093 is divided by 68?
5
What is the remainder when 58 is divided by 43?
15
What is the remainder when 39 is divided by 7?
4
What is the remainder when 4257 is divided by 284?
281
Calculate the remainder when 23 is divided by 5.
3
Calculate the remainder when 188 is divided by 137.
51
Calculate the remainder when 2183 is divided by 19.
17
Calculate the remainder when 406 is divided by 8.
6
Calculate the remainder when 273 is divided by 70.
63
Calculate the remainder when 45 is divided by 5.
0
What is the remainder when 745 is divided by 34?
31
Calculate the remainder when 193 is divided by 103.
90
Calculate the remainder when 10597 is divided by 279.
274
What is the remainder when 268 is divided by 20?
8
Calculate the remainder when 1 is divided by 1.
0
What is the remainder when 1678 is divided by 105?
103
Calculate the remainder when 2217 is divided by 7.
5
What is the remainder when 4722 is divided by 4?
2
Calculate the remainder when 338 is divided by 161.
16
Calculate the remainder when 250 is divided by 123.
4
What is the remainder when 2785 is divided by 133?
125
Calculate the remainder when 1114 is divided by 36.
34
What is the remainder when 113 is divided by 11?
3
What is the remainder when 1996 is divided by 333?
331
What is the remainder when 271 is divided by 152?
119
Calculate the remainder when 248 is divided by 66.
50
What is the remainder when 160 is divided by 41?
37
Calculate the remainder when 17232 is divided by 62.
58
What is the remainder when 2664 is divided by 46?
42
What is the remainder when 2455 is divided by 189?
187
Calculate the remainder when 5393 is divided by 29.
28
What is the remainder when 125 is divided by 53?